4)?
-8
Let q(v) = -v**3 + 3*v**2 + 10*v - 17. Determine q(5).
-17
Let p(k) = -3*k - 11. Determine p(-5).
4
Let c(k) = 28*k - 3. Give c(1).
25
Let j(w) = -w**3 - 43*w**2 - 280*w + 4. Calculate j(-35).
4
Let d(y) = -24*y + 2. Give d(-3).
74
Let n(y) = y**2 - 14*y + 55. What is n(5)?
10
Let c(d) = -d**3 + 9*d**2 + 38*d - 24. Determine c(12).
0
Let t(n) = n**3 - n**2 - 8*n - 6. What is t(5)?
54
Let l(p) = p**2 - 14*p + 7. Calculate l(11).
-26
Let m(q) = -q**3 - 4*q**2 - 4*q + 3. Give m(-4).
19
Let n(d) = -d**2 - 5*d + 1. What is n(-7)?
-13
Let p(k) = -19*k**2 + 7*k + 6. Determine p(-1).
-20
Let z(q) = 5*q**2 - q + 1. What is z(2)?
19
Let q(f) = -15*f + 66. Give q(5).
-9
Let k(i) = 5*i**2 + 4*i - 1. Give k(-2).
11
Let b(j) = -j**3 + 4*j**2 + 3*j - 6. Determine b(5).
-16
Let h(q) = -2*q + 22. Give h(11).
0
Let b(c) = 4*c - 9. Determine b(-8).
-41
Let n(v) = v**3 + v - 2. Give n(2).
8
Let w(r) = -r**2 - 6*r + 3. Give w(-6).
3
Let k(t) = t**2 - 2*t - 20. Determine k(6).
4
Let k(w) = -w**2 + 5*w + 19. What is k(-3)?
-5
Let b(f) = -4*f - 10. Determine b(-11).
34
Let r(g) = -g**3 + 7*g**2 - 11*g + 12. Determine r(4).
16
Let c(y) = -3*y - 52. Give c(-10).
-22
Let g(t) = -t - 15. What is g(0)?
-15
Let u(x) = 4*x + 3. Give u(7).
31
Let i(y) = -y. Determine i(1).
-1
Let b(t) = -t**2 + 7*t - 6. What is b(6)?
0
Let t(m) = m**2 - 29*m + 143. Determine t(21).
-25
Let t(n) = -3*n - 1. Determine t(8).
-25
Let m(t) = -3*t**3 + 5*t**2 + 2*t. Give m(2).
0
Let p(b) = 3*b - 1. What is p(-7)?
-22
Let u(f) = 2*f**3 + 34*f**2 - 36*f - 3. Give u(-18).
-3
Let r(v) = -v**2 - 2*v - 3. Determine r(0).
-3
Let d(c) = 13*c + 1. Give d(1).
14
Let w(z) = -z**2 + 7*z - 5. Determine w(5).
5
Let x(b) = b**3 - 6*b**2 + 6. Give x(5).
-19
Let j(d) = -d**2 + 8*d - 11. What is j(7)?
-4
Let p(j) = j**3 + 3*j**2 - 5*j - 5. Determine p(-4).
-1
Let k(o) = o**3 - 2*o**2 - 3*o - 3. Give k(3).
-3
Let r(v) = -15*v - 24. Calculate r(-4).
36
Let t(c) = c**2 - 9*c + 14. Calculate t(2).
0
Let k(p) = p**2 - 29*p + 194. Calculate k(9).
14
Let g(j) = -j**2 - 3*j + 5. Give g(-5).
-5
Let i(u) = 12*u + 6. Give i(2).
30
Let t(m) = 12*m**2 - 4*m + 1. Calculate t(1).
9
Let q(t) = -7*t + 14. Give q(2).
0
Let b(v) = -7*v - 8. Give b(-9).
55
Let o(w) = -2*w - 21. What is o(-9)?
-3
Let u(m) = -36*m**3 - 2*m**2 + 2*m + 1. Calculate u(1).
-35
Let a(n) = 6*n**2 + 10*n + 1. What is a(-5)?
101
Let u(h) = 2*h**2 - 24*h + 13. What is u(11)?
-9
Let r(z) = 2*z**3 - 6*z**2 - 2*z - 1. Calculate r(4).
23
Let x(z) = -5*z + 2. What is x(1)?
-3
Let j(i) = -i**3 - 8*i**2 - 3*i + 3. Calculate j(-6).
-51
Let f(s) = 2*s**3 + 5*s**2 + s - 6. Give f(-3).
-18
Let l(q) = -11*q**2 + 1. Calculate l(-1).
-10
Let j(r) = 145*r**3 + 2*r**2 - r. What is j(1)?
146
Let p(t) = 89*t + 1. Calculate p(-1).
-88
Let t(g) = -2*g**3 + 11*g**2 - 5*g - 18. Calculate t(4).
10
Let k(v) = -v + 5. Calculate k(15).
-10
Let s(p) = -2*p**2 - 3*p + 2. What is s(-3)?
-7
Let g(x) = 3*x**2 - 5*x + 4. Calculate g(3).
16
Let h(i) = 11*i + 57. Give h(-6).
-9
Let s(f) = f**3 - 14*f**2 - 24*f + 138. Calculate s(15).
3
Let z(l) = -2*l**2 - 10*l - 14. Determine z(-7).
-42
Let v(j) = -j**3 + 14*j**2 - 11*j - 13. What is v(13)?
13
Let f(c) = c - 8. Give f(-18).
-26
Let n(z) = 6*z**2 - 4*z - 5. Give n(-1).
5
Let h(m) = -23*m**2 + 2*m + 4. What is h(1)?
-17
Let f(s) = -s**3 - 17*s**2 - 11*s - 24. Determine f(-17).
163
Let t(d) = 34*d + 26. What is t(-3)?
-76
Let a(c) = c**2 - 19*c + 82. Give a(11).
-6
Let z(v) = 2*v**2 + 2*v + 2. Determine z(3).
26
Let h(n) = 8*n - 6. Give h(7).
50
Let i(n) = -n**3 + 12*n**2 - 25*n - 8. Determine i(9).
10
Let c(m) = -m**2 + 17*m - 3. Calculate c(13).
49
Let v(z) = z**2 - 14*z + 12. Give v(14).
12
Let h(w) = -19*w**3 - w**2 - w - 1. Calculate h(-1).
18
Let h(k) = -k**2 - 11*k - 5. Give h(-7).
23
Let q(g) = -4*g + 3. What is q(-11)?
47
Let z(u) = u**3 + 6*u**2 - 8*u - 9. Calculate z(-7).
-2
Let b(j) = 2*j**2 + 6*j - 6. Determine b(-4).
2
Let b(q) = -3*q**2 - 16*q - 4. Calculate b(3).
-79
Let m(o) = o**2 - 7*o - 69. Determine m(12).
-9
Let v(x) = 30*x - 230. What is v(8)?
10
Let q(h) = h**3 + 5*h**2 - 6*h - 6. Determine q(-6).
-6
Let l(p) = -p**3 + 22*p**2 + 51*p - 65. Determine l(24).
7
Let i(d) = d**3 - 17*d**2 + 17*d - 12. Determine i(16).
4
Let k(r) = r**2 + 17*r - 15. Give k(-16).
-31
Let t(v) = -v**2 - v - 7. Calculate t(3).
-19
Let k(y) = y**3 + 6*y**2 + 4*y + 3. What is k(-5)?
8
Let k(y) = -7*y - 3. Determine k(6).
-45
Let l(t) = -4*t**2 + 33*t - 14. Determine l(7).
21
Let m(j) = -j**2 + 9*j + 17. Determine m(8).
25
Let b(t) = -2*t - 3. Determine b(0).
-3
Let z(o) = -o**2 - 11*o - 3. What is z(-12)?
-15
Let b(a) = 2*a**2 - a + 1. Calculate b(2).
7
Let z(x) = 64*x - 22. Determine z(3).
170
Let z(p) = p**3 + 3*p**2 + 4*p + 5. Determine z(-3).
-7
Let a(s) = -2*s**3 + s**2 - 4*s + 3. Give a(2).
-17
Let l(p) = 9*p - 13. What is l(4)?
23
Let k(o) = o**3 + o**2 + 4*o - 28. Give k(0).
-28
Let l(x) = x**2 + x + 27. What is l(0)?
27
Let d(h) = h**3 + 38*h**2 - 39*h - 20. What is d(-39)?
-20
Let v(h) = 43*h - 261. What is v(6)?
-3
Let c(k) = -k**3 - 10*k**2 + 11*k + 16. Calculate c(-11).
16
Let d(c) = c + 60. What is d(-31)?
29
Let b(h) = -21*h + 10. Determine b(-1).
31
Let j(b) = -69*b + 4. What is j(1)?
-65
Let h(w) = -29*w - 7. Determine h(0).
-7
Let y(k) = -k**3 - 12*k**2 - k + 8. Give y(-12).
20
Let m(k) = 12*k + 45. What is m(0)?
45
Let b(v) = 10*v**3 + v**2 - 2. Determine b(1).
9
Let o(j) = j**3 + 9*j**2 - 21*j + 8. Calculate o(-11).
-3
Let h(i) = -i**3 + 2*i - 4. What is h(0)?
-4
Let g(s) = -2*s**3 + 7*s**2 + 7*s - 5. What is g(5)?
-45
Let p(r) = -r**2 - 38*r + 60. Give p(-41).
-63
Let n(d) = d**2 + 5*d - 1. What is n(-3)?
-7
Let a(m) = m - 21. What is a(8)?
-13
Let i(a) = -a**2 + a + 9. Calculate i(5).
-11
Let f(h) = h + 2. What is f(-13)?
-11
Let g(a) = -a**2 - 7*a - 3. What is g(-7)?
-3
Let u(b) = 2*b + 1. Determine u(-7).
-13
Let y(r) = r**2 - 7*r - 15. Give y(7).
-15
Let b(p) = p**3 + 4*p**2 - 15*p + 5. Give b(-7).
-37
Let s(x) = 51*x + 167. Calculate s(-3).
14
Let f(b) = -2*b**2 - 48*b - 141. Determine f(-20).
19
Let z(j) = 17*j**2 - j. Calculate z(2).
66
Let q(m) = m**2 - 4*m - 75. Calculate q(12).
21
Let s(a) = a**2 - 3*a + 1. Give s(4).
5
Let t(y) = 2*y**3 + y**2 - 9*y - 11. Give t(-2).
-5
Let s(f) = f**2 - 12*f + 9. Calculate s(9).
-18
Let l(m) = 6*m**3 - 5*m**2 + 4*m. Calculate l(1).
5
Let j(q) = -3*q - 10. What is j(-3)?
-1
Let g(r) = r**2 + 18*r - 1. Calculate g(-21).
62
Let k(v) = -4*v**2 + 11*v + 7. Determine k(4).
-13
Let q(u) = 7*u + 9. What is q(4)?
37
Let w(v) = 18*v - 1. Give w(1).
17
Let a(m) = -5*m**2 + 13*m + 8. Calculate a(-4).
-124
Let v(a) = a**3 - 14*a**2 + 3*a - 20. Determine v(14).
22
Let x(c) = c**2 - 18*c - 23. Give x(19).
-4
Let n(r) = -2*r**2 - 78*r + 80. Give n(-40).
0
Let p(t) = t**3 + 6*t**2 - 8*t + 7. What is p(-7)?
14
Let q(n) = -3*n**2 + 49*n - 159. Calculate q(12).
-3
Let b(n) = 14*n - 14. What is b(-7)?
-112
Let q(c) = 9*c + 1. Determine q(4).
37
Let i(n) = -n**3 - 2*n**2 - 4*n + 6. What is i(2)?
-18
Let g(l) = l**3 + 13*l**2 + 11*l + 19. Give g(-12).
31
Let j(b) = -b**2 + 9*b - 10. Calculate j(6).
8
Let y(a) = 7*a + 8. Determine y(-6).
-34
Let c(s) = -9*s - 20. What is c(-13)?
97
Let y(c) = c**3 + 2*c**2 - 4*c + 2. Calculate y(2).
10
Let b(i) = -i**3 - 8*i**2 + 25*i + 6. Give b(-10).
-44
Let d(u) = -5*u**3 - 2*u**2 + 4*u. What is d(2)?
-40
Let t(s) = 8*s - 140. What is t(13)?
-36
Let w(p) = -p**3 - p**2 + 7. Determine w(0).
7
Let x(u) = u**2 + 2*u - 4. Determine x(-4).
4
Let t(z) = z**2 - 5*z + 14. Give t(3).
8
Let x(a) = a**2 + 9*a - 35. Give x(-12).
1
Let g(a) = a**2 + 8*a - 3. What is g(-7)?
-10
Let u(z) = -z**2 - 20*z - 67. What is u(-16)?
-3
Let h(z) = -9*z + 3. Calculate h(-2).
21
Let b(f) = 95*f**2 + 4*f + 3. Determine b(-1).
94
Let v(c) = c**2 + 18*c + 45. Calculate v(-13).
-20
Let l(s) = 5*s + 214. Determine l(-40).
14
Let v(q) = q**2 + 3*q - 5. Determine v(-3).
-5
Let r(d) = d**3 - 8*d**2 - 2*d + 9. Give r(8).
-7
Let x(s) = -s**3 - s**2 - 5*s - 3. Calculate x(-3).
30
Let g(d) = -d**3 - 7*d**2 + 10*d - 27. Calculate g(-8).
-43
Let n(p) = 35*p - 1196. Give n(34).
-6
Let s(h) = 9*h - 97. Determine s(10).
-7
Let k(p) = -2*p**2 - 7*p - 18. Determine k(-5).
-33
Let q(c) = c**3 - 22*c**2 + 3*